 is the greatest common factor of 3072 and 11904?
384
What is the highest common divisor of 345 and 2316215?
115
Calculate the greatest common factor of 2494 and 5039127.
1247
Calculate the greatest common factor of 36957 and 8730.
291
Calculate the greatest common factor of 39201 and 10203.
537
What is the greatest common divisor of 536352 and 624?
48
Calculate the highest common divisor of 584 and 180164.
292
Calculate the highest common factor of 230 and 53084.
46
What is the highest common factor of 146 and 76066?
146
Calculate the greatest common divisor of 22644 and 13098.
222
What is the greatest common factor of 3509 and 34848?
121
What is the highest common divisor of 793625 and 11375?
875
Calculate the highest common factor of 35 and 1022182.
7
What is the greatest common factor of 25543 and 1148?
287
What is the highest common factor of 88 and 4364?
4
What is the highest common divisor of 2625 and 588?
21
What is the greatest common factor of 36 and 8780?
4
What is the greatest common factor of 843 and 373168?
281
Calculate the greatest common divisor of 224117 and 23983.
827
What is the highest common factor of 19274 and 253?
23
What is the greatest common divisor of 7560 and 411880?
280
What is the greatest common factor of 4945 and 645?
215
What is the highest common factor of 302 and 110079?
151
What is the highest common factor of 5154 and 342?
6
Calculate the greatest common divisor of 31418 and 207.
23
Calculate the highest common factor of 89988 and 12.
12
Calculate the highest common divisor of 44 and 132.
44
What is the highest common factor of 468 and 398697?
39
Calculate the highest common divisor of 4 and 14389.
1
Calculate the greatest common divisor of 17 and 4219213.
17
What is the greatest common divisor of 42 and 145698?
42
What is the greatest common divisor of 216 and 4096?
8
Calculate the greatest common divisor of 84 and 457296.
84
What is the greatest common factor of 2979 and 13571?
331
Calculate the highest common factor of 3687 and 81.
3
What is the highest common divisor of 2436 and 43500?
348
What is the greatest common divisor of 29614 and 68?
34
Calculate the greatest common divisor of 10660 and 27820.
260
What is the highest common divisor of 711 and 2421?
9
What is the greatest common divisor of 290 and 36134?
58
Calculate the greatest common divisor of 142 and 421598.
142
Calculate the greatest common factor of 128 and 248104.
8
What is the highest common factor of 18821 and 40194?
319
What is the highest common factor of 130656 and 228?
12
Calculate the greatest common divisor of 102432 and 12.
12
Calculate the greatest common factor of 2181624 and 72.
24
Calculate the greatest common divisor of 7 and 502299.
7
What is the greatest common divisor of 27949 and 931?
19
What is the greatest common factor of 6861 and 12?
3
Calculate the highest common factor of 14735 and 717805.
2105
What is the greatest common factor of 871 and 1079?
13
What is the highest common divisor of 19236 and 483?
21
What is the highest common factor of 48443 and 3281?
193
Calculate the greatest common divisor of 120 and 19785.
15
What is the greatest common factor of 875 and 35525?
175
Calculate the highest common divisor of 482 and 9881.
241
Calculate the greatest common divisor of 14 and 5034134.
14
Calculate the highest common factor of 2129654 and 662.
662
What is the greatest common divisor of 366640 and 240?
80
Calculate the highest common divisor of 4653 and 879934.
517
What is the highest common factor of 3360 and 1554?
42
What is the highest common divisor of 1665 and 730935?
1665
What is the greatest common divisor of 198539 and 11?
11
What is the greatest common factor of 4803 and 19?
1
Calculate the greatest common factor of 23323 and 298984.
281
What is the greatest common divisor of 40 and 920?
40
What is the highest common factor of 1265 and 85675?
115
What is the greatest common factor of 540 and 41985?
135
Calculate the greatest common factor of 84542 and 4756.
82
Calculate the highest common factor of 33124 and 148044.
676
Calculate the greatest common divisor of 1184 and 12247.
37
What is the highest common divisor of 4853 and 8073?
23
Calculate the highest common factor of 1379 and 777.
7
Calculate the highest common factor of 6670 and 170.
10
Calculate the greatest common factor of 492 and 14052.
12
What is the highest common divisor of 22 and 4446596?
22
What is the greatest common factor of 2208330 and 270?
270
What is the highest common factor of 198516 and 48?
12
What is the highest common factor of 5976 and 576?
72
Calculate the greatest common factor of 481560 and 15.
15
Calculate the greatest common divisor of 275 and 16445.
55
What is the greatest common factor of 245 and 1666000?
245
Calculate the highest common factor of 20878 and 99.
11
Calculate the greatest common divisor of 568 and 8946.
142
What is the greatest common factor of 1262677 and 40273?
2369
Calculate the greatest common factor of 286 and 3068.
26
Calculate the greatest common divisor of 187 and 33133.
17
Calculate the greatest common divisor of 1122 and 4554.
66
Calculate the greatest common divisor of 130 and 320580.
130
Calculate the greatest common divisor of 202 and 17182322.
202
Calculate the highest common divisor of 15535 and 13715.
65
Calculate the greatest common divisor of 42 and 723912.
42
What is the highest common factor of 5567 and 608?
19
Calculate the greatest common factor of 25333 and 253.
11
What is the highest common factor of 9078 and 42?
6
Calculate the highest common divisor of 13750 and 850.
50
What is the greatest common factor of 979797 and 2109?
111
Calculate the highest common factor of 135 and 5571.
9
What is the greatest common divisor of 4224 and 59520?
384
What is the highest common factor of 640904 and 4?
4
What is the highest common divisor of 112 and 1275568?
112
What is the highest common divisor of 160 and 207280?
80
What is the highest common factor of 2331 and 60039?
63
Calculate the highest common divisor of 69324 and 36.
12
What is the highest common divisor of 480886 and 4214?
98
Calculate the greatest common divisor of 804 and 27024.
12
What is the greatest common divisor of 110 and 538505?
55
Calculate the greatest common divisor of 32882 and 7619.
401
What is the highest common divisor of 4 and 415282?
2
What is the highest common factor of 2762025 and 150?
75
Calculate the greatest common divisor of 318 and 119409.
159
Calculate the greatest common divisor of 47439 and 31374.
189
Calculate the greatest common factor of 710682 and 210.
42
What is the highest common divisor of 78 and 9078?
6
Calculate the highest common divisor of 52 and 4007120.
52
What is the highest common divisor of 147280 and 385?
35
Calculate the highest common factor of 77 and 124861.
11
What is the highest common divisor of 126900 and 1128?
564
What is the greatest common divisor of 12896 and 110825?
403
Calculate the highest common factor of 473710 and 21590.
1270
What is the highest common factor of 174 and 21354?
6
Calculate the highest common factor of 3925 and 91060.
785
Calculate the greatest common factor of 66 and 26301.
33
What is the highest common divisor of 1405 and 7587?
281
Calculate the greatest common divisor of 3 and 178527.
3
What is the greatest common divisor of 4901205 and 1665?
555
Calculate the highest common divisor of 1972 and 14066276.
1972
What is the highest common factor of 1520 and 4028?
76
Calculate the highest common factor of 107236 and 136.
68
Calculate the highest common factor of 825 and 59550.
75
Calculate the greatest common factor of 1029860 and 6460.
340
Calculate the highest common factor of 45 and 320.
5
What is the greatest common divisor of 50901 and 45125?
361
Calculate the highest common factor of 8100 and 2450.
50
Calculate the greatest common factor of 47410 and 40.
10
What is the highest common divisor of 12 and 444036?
12
Calculate the greatest common divisor of 702 and 2158.
26
Calculate the greatest common factor of 347352 and 4942.
706
Calculate the highest common divisor of 423 and 157497.
141
Calculate the highest common factor of 430 and 1582615.
215
Calculate the greatest common factor of 4622510 and 190.
190
What is the greatest common divisor of 2430